.
-2615
Convert -3442 (base 8) to base 3.
-2111122
1233123 (base 4) to base 7
26535
15a15 (base 11) to base 9
33804
What is 85 (base 10) in base 14?
61
213 (base 8) to base 4
2023
1040 (base 9) to base 6
3313
Convert -256 (base 9) to base 7.
-423
Convert -1b1b (base 16) to base 7.
-26142
Convert -17125 (base 8) to base 4.
-1321111
-1747 (base 12) to base 16
-ae7
Convert 2be (base 15) to base 14.
32d
What is -2413 (base 6) in base 8?
-1111
Convert -111110101101 (base 2) to base 15.
-12c8
40130 (base 6) to base 11
3a32
Convert 1001111010 (base 2) to base 12.
44a
11002 (base 7) to base 9
3681
Convert 1463 (base 8) to base 3.
1010100
What is -3164 (base 9) in base 6?
-14434
What is 10000 (base 4) in base 10?
256
What is -101100000111111 (base 2) in base 16?
-583f
Convert -11234 (base 6) to base 15.
-721
Convert -262 (base 7) to base 15.
-97
What is -3284 (base 12) in base 15?
-19b7
Convert -125 (base 15) to base 9.
-318
What is -1933 (base 11) in base 14?
-c76
What is -3391 (base 15) in base 14?
-3db2
What is -63 (base 14) in base 11?
-7a
Convert -111202110 (base 3) to base 10.
-10029
21 (base 6) to base 9
14
What is -41443 (base 5) in base 10?
-2748
Convert 2aa8 (base 11) to base 6.
30250
What is 887 (base 11) in base 13?
63a
What is 2907 (base 11) in base 15?
11a8
Convert -1000011111000 (base 2) to base 9.
-5856
Convert 243 (base 10) to base 5.
1433
Convert 953 (base 13) to base 4.
120311
-a5c5 (base 14) to base 9
-43200
Convert -823 (base 11) to base 12.
-6a9
1159 (base 11) to base 4
113230
3469 (base 13) to base 9
11071
What is 874 (base 10) in base 14?
466
What is -125a5 (base 11) in base 10?
-18023
What is -24853 (base 10) in base 12?
-12471
What is -2a5 (base 11) in base 10?
-357
What is -132005 (base 7) in base 10?
-24701
What is -1001010 (base 2) in base 10?
-74
Convert -200021 (base 3) to base 16.
-1ed
Convert 1d80a (base 14) to base 2.
10010011110010010
Convert -91 (base 16) to base 7.
-265
-1100000011 (base 2) to base 12
-543
134022 (base 5) to base 9
7504
What is -3d5 (base 14) in base 10?
-775
What is 51 (base 6) in base 13?
25
What is -22467 (base 9) in base 13?
-6a72
Convert 30322202 (base 4) to base 8.
147242
Convert 54845 (base 10) to base 11.
3822a
111100001 (base 2) to base 11
3a8
Convert -3452 (base 16) to base 5.
-412034
1222201 (base 3) to base 15
66a
What is -433 (base 8) in base 14?
-163
Convert 12 (base 4) to base 12.
6
Convert -5a9 (base 11) to base 15.
-334
Convert 2303441 (base 5) to base 6.
514213
-267 (base 14) to base 6
-2123
Convert 132234 (base 5) to base 9.
7260
440 (base 9) to base 16
168
What is -20b1 (base 12) in base 15?
-10e4
-112323 (base 5) to base 11
-3087
What is -111002211 (base 3) in base 13?
-446b
Convert ba8 (base 12) to base 11.
1317
-3e3 (base 15) to base 8
-1570
-301222 (base 4) to base 15
-e1d
Convert 1236 (base 10) to base 9.
1623
What is 21001200 (base 3) in base 5?
131043
What is 2303 (base 6) in base 5?
4133
What is -10011001 (base 3) in base 15?
-a31
Convert 400202 (base 6) to base 8.
74712
Convert -11203 (base 6) to base 8.
-3063
1239 (base 12) to base 9
2740
What is -14714 (base 9) in base 12?
-59a1
Convert 23a0b (base 12) to base 10.
48107
Convert -7909 (base 11) to base 3.
-112021202
Convert -24421 (base 6) to base 16.
-e1d
Convert 1619 (base 14) to base 8.
7547
Convert 355 (base 14) to base 11.
553
-531404 (base 6) to base 9
-65144
110 (base 14) to base 9
253
Convert 62 (base 12) to base 6.
202
Convert -439 (base 12) to base 6.
-2513
Convert 594 (base 10) to base 7.
1506
-102343 (base 5) to base 4
-312101
Convert -122201 (base 3) to base 5.
-3403
Convert -11c4 (base 13) to base 7.
-10236
-2130 (base 8) to base 16
-458
Convert -10320 (base 9) to base 12.
-3b46
Convert -1355 (base 14) to base 12.
-1b7b
Convert 332 (base 6) to base 7.
242
-20a (base 16) to base 15
-24c
Convert -279 (base 13) to base 8.
-666
Convert -1234 (base 6) to base 4.
-10312
-2a9 (base 13) to base 11
-3a4
Convert 2120310 (base 4) to base 6.
113140
What is -1656 (base 9) in base 3?
-1201220
What is -212212 (base 3) in base 7?
-1610
Convert -b7a (base 14) to base 15.
-a0e
-30145 (base 6) to base 2
-111101110001
Convert -10003 (base 11) to base 8.
-34464
What is -9aa (base 15) in base 9?
-2887
8354 (base 9) to base 7
23566
What is -3416 (base 15) in base 13?
-5049
Convert -1095 (base 16) to base 5.
-113440
What is -33b4 (base 12) in base 14?
-214c
12a4 (base 12) to base 10
2140
What is -5000 (base 9) in base 8?
-7075
What is -a95 (base 14) in base 4?
-200223
Convert -15a2 (base 13) to base 7.
-12153
-866 (base 9) to base 2
-1011000100
Convert 222104 (base 5) to base 16.
1e63
-13a0 (base 12) to base 15
-a20
Convert 30d0 (base 14) to base 13.
3aa3
Convert -83 (base 16) to base 2.
-10000011
Convert -1130112 (base 5) to base 10.
-20657
Convert -329 (base 11) to base 9.
-477
What is -855 (base 9) in base 11?
-585
Convert 6676 (base 9) to base 2.
1001101000001
What is 4a7c (base 14) in base 4?
3023312
What is -2031333 (base 5) in base 3?
-1200201221
1012120001 (base 3) to base 9
35501
Convert -1402045 (base 6) to base 14.
-20713
What is 1204 (base 10) in base 5?
14304
What is 6a7 (base 12) in base 11?
821
10133311 (base 4) to base 9
27237
-35 (base 16) to base 4
-311
Convert -4620 (base 13) to base 3.
-111111000
What is 1011121 (base 3) in base 8?
1525
-b1 (base 15) to base 4
-2212
What is 2b0 (base 13) in base 8?
741
Convert 3671 (base 10) to base 11.
2838
10111110101 (base 2) to base 15
6ba
What is 22623 (base 8) in base 9?
14167
What is -215 (base 15) in base 9?
-572
2e1 (base 15) to base 10
661
Convert 221020220 (base 3) to base 13.
84c3
Convert -11739 (base 10) to base 12.
-6963
Convert 111000100001101 (base 2) to base 10.
28941
What is -43199 (base 11) in base 4?
-33111002
What is 117d8 (base 15) in base 3?
2211111212
111367 (base 9) to base 5
4113033
2455 (base 10) to base 9
3327
-10101001000010 (base 2) to base 16
-2a42
Convert -a07 (base 11) to base 6.
-5345
22421 (base 5) to base 10
1611
What is 16d (base 15) in base 12?
234
180 (base 11) to base 12
155
-5da (base 14) to base 15
-532
What is 5bc (base 13) in base 9?
1331
What is 251 (base 8) in base 6?
441
What is 102c (base 14) in base 15?
c59
Convert -10120 (base 5) to base 15.
-2e0
Convert c951 (base 16) to base 15.
1040c
Convert -1442 (base 5) to base 7.
-502
Convert -25b (base 12) to base 4.
-11213
-271 (base 11) to base 8
-500
What is -358 (base 14) in base 5?
-10131
24543 (base 6) to base 2
111001001111
143131 (base 5) to base 15
1bcb
12472 (base 8) to base 15
1924
31 (base 11) to base 8
42
Convert -1022433 (base 5) to base 14.
-63d9
-1850 (base 16) to base 3
-22112112
-1132303 (base 4) to base 14
-22d5
Convert -12332 (base 5) to base 3.
-1022211
Convert 35384 (base 9) to base 15.
7017
423a (base 14) to base 2
10110010011100
5208 (base 14) to base 10
14120
What is -12379 (base 11) in base 4?
-10111120
Convert -63 (base 10) to base 3.
-2100
What is 782 (base 10) in base 5?
11112
-2276 (base 14) to base 6
-43412
What is 676 (base 11) in base 16?
329
What is 51023 (base 6) in base 9?
10176
What is 242325 (base 6) in base 2?
101001100101101
14016 (base 8) to base 16
180e
What is 22010 (base 3) in base 2?
11011011
What is a0d (base 15) in base 10?
2263
Convert -121422 (base 7) to base 6.
-250340
-383 (base 9) to base 12
-226
7491 (base 10) to base 2
1110101000011
60030 (base 7) to base 10
14427
Convert -837 (base 16) to base 2.
-100000110111
Convert -661 (base 8) to base 11.
-364
404 (base 7) to base 6
532
Convert 7106 (base 12) to base 7.
50463
What is -1613 (base 7) in base 8?
-1207
Convert 813 (base 9) to base 16.
294
-a827 (base 14) to base 8
-70563
-4046 (base 10) to base 15
-12eb
-2366 (base 8) to base 14
-66a
What is ba4 (base 14) in base 12?
13b8
What is -4405 (base 6) in base 15?
-478
What is 63152 (base 8) in base 3?
1022222001
425 (base 10) to base 13
269
Convert -32213 (base 4) to base 9.
-1248
-6b2 (base 16) to base 15
-794
What is 748 (base 9) in base 6?
2455
Convert 3e (base 15) to base 10.
59
8c21 (base 14) to base 10
24333
-6 (base 15) to base 8
-6
What is 20222232 (base 4) in base 14?
cd1c
What is 121514 (base 6) in base 13?
4b9a
Convert -3a8c (base 16) to base 4.
-3222030
Convert 23716 (base 9) to base 12.
9243
Convert -13241 (base 5) to ba